q(s)?
6
Let w(p) be the third derivative of -p**5/60 + p**4/6 - p**3/3 + 15*p**2 - p. What is w(4)?
-2
Let c(k) = -4*k**3 - 5*k**2 - 6*k - 7. Let g(x) = -5*x**3 - 5*x**2 - 7*x - 8. Let i(m) = -4*c(m) + 3*g(m). Calculate i(-4).
8
Let c be (-2)/4*2*-1. Let p(x) be the second derivative of 5*x**3/6 - x**2/2 + 7*x. Give p(c).
4
Suppose 2*k + p + 24 = 3*p, 4*p = 12. Let w = -4 - k. Let u(t) = -t**2 + 5*t - 3. Give u(w).
-3
Let z be 3/(-2)*20/(-15). Suppose -4*t + 16 = 0, -f - 2*t = 3*t - 20. Suppose f*n = -z*n. Let v(d) = d**2 - 4. Calculate v(n).
-4
Let h be (28/(-21))/((-1)/3). Suppose j - 17 = h*r, 6*r - 4*j = 2*r - 20. Let b(n) = n**2 + 2*n - 5. Determine b(r).
3
Let l(t) = 7*t. Let o(f) = 15*f + 1. Let s(n) = 13*l(n) - 6*o(n). Let b(z) = -z**3 + 5*z**2 - 7*z + 17. Let p be b(4). Give s(p).
-1
Let f(n) be the second derivative of 5/12*n**4 + 0 - 1/20*n**5 + 7/6*n**3 + 2*n - 7/2*n**2. Determine f(6).
-1
Let u(z) be the third derivative of -z**6/90 - z**4/24 + 3*z**2. Let o(t) be the second derivative of u(t). Give o(-1).
8
Let f(h) = h**2 + 1. Let s(o) = 3*o**2 - 3*o + 5. Let t(m) = 2*f(m) - s(m). Give t(2).
-1
Let u(p) = -3*p + 2*p + 2*p + 10. Let r(j) = -2*j + 32. Let g be r(16). Calculate u(g).
10
Let n(t) = -t**3 + 3*t**2 + 5*t - 3. Let g be 58/15 + 10/75. Determine n(g).
1
Let q be 0*2/4 + 5. Let t(f) be the second derivative of -2*f**2 - 1/20*f**5 + 1/3*f**3 + 5/12*f**4 - 3*f + 0. Calculate t(q).
6
Let n = -4 + 3. Let l(i) be the third derivative of -i**7/504 + i**5/30 - 2*i**2. Let t(c) be the third derivative of l(c). What is t(n)?
10
Let l(i) = -5*i**2 - 5*i - 6. Let h(r) = r**2 + r + 1. Let p(x) = -4*h(x) - l(x). Calculate p(-3).
8
Let c(b) = -b + 1. Let g(z) = -z**2 + 8*z + 3. Let y(d) = -2*c(d) - g(d). Calculate y(4).
-13
Let l(v) = 3*v - 27. Let h be l(8). Let s(a) = a**2 + a - 4. Give s(h).
2
Let u(r) = -r - 3. Let i(x) = -x - 4. Let l(j) = 5*i(j) - 6*u(j). Suppose -1 + 3 = -2*m, 27 = 4*n - 3*m. Determine l(n).
4
Let b(l) be the second derivative of -l**5/20 - 5*l**4/12 + l**3/6 + 3*l**2 - 11*l. Determine b(-5).
1
Let r(p) = -3*p**3 - 27*p**2 - 32*p + 10. Let f(l) = l**3 + 9*l**2 + 11*l - 3. Let d(o) = -11*f(o) - 4*r(o). Calculate d(-8).
1
Let c(v) = -2*v - 3. Let t(h) be the second derivative of h**3/3 + h**2 - 2*h. Let u be 2/(-1*(-3)/(-3)). Let o be t(u). What is c(o)?
1
Let k(t) be the third derivative of t**4/3 + t**3/6 + 18*t**2. Give k(-1).
-7
Let q(a) be the second derivative of a**5/20 - 5*a**4/12 - a**3 - 5*a**2/2 + a. Calculate q(6).
-5
Let u(l) = -l - 10. Let b = -15 - -15. Determine u(b).
-10
Let k be 10/4 - (-1)/2. Let v(m) = -2*m + 0 + k + m. Calculate v(4).
-1
Let k be (-2)/(-8) - (-22)/8. Suppose 2 = 4*y - l, 3*y + l + 2*l + 6 = 0. Suppose y*i - 15 = k*i. Let a(b) = -b - 4. Determine a(i).
1
Let o(d) be the third derivative of d**6/60 + d**5/60 + d**4/24 + d**3/3 + 2*d**2. Let c(p) be the first derivative of o(p). Give c(-1).
5
Let p(s) = -s**3 + 8*s**2 + 4*s + 5*s - 6 + 2*s**3 - 2*s. Give p(-7).
-6
Let o(t) = -t**3 + 3*t + 1. Let v be o(-2). Suppose z = -0*z - v. Let c(a) = a**3 + 4*a**2 - 3. Calculate c(z).
6
Let x(j) = j**2 + 2*j - 5. Suppose 4*o - 6 = 6*o. Let h(q) = -2*q - 2. Let a be h(o). Suppose 0 = w - 2*w - a. What is x(w)?
3
Let v be -2 + (-4)/(0 - 2). Let o(j) = -3*j - 1 + 4*j + 2*j**2 - j**2 + 7. Calculate o(v).
6
Let g(t) = -t**3 - 9*t**2 + t + 1. Let q be 8/(-1) - 1/1. What is g(q)?
-8
Suppose -4*p - 2*a + 2 = 0, -2*p = 3*p + 4*a + 2. Let s = p - 3. Let y(w) = -3*w. What is y(s)?
3
Let x(m) be the first derivative of -1/3*m**3 - m + 3/2*m**2 + 1. Suppose -3*o + 1 + 8 = 0. Give x(o).
-1
Let g be ((-5)/4)/((-1)/(-4)). Let z(u) = 0*u - u - 8 + 1. What is z(g)?
-2
Let t(r) be the third derivative of r**4/24 + r**3/3 + 2*r**2. Let u be (1/3)/((-2)/(-30)). Suppose -5*j - 10 = -u. Give t(j).
1
Suppose -20 = 3*x + 2*m, -2*x + 0*x = 5*m + 17. Let f(a) be the first derivative of a**2/2 - 4*a + 59. Determine f(x).
-10
Suppose 2*a - 6 - 4 = 0. Suppose 5*r + 4*n + 30 = -0*n, 25 = -a*n. Let y(q) = q**3 + 2*q**2 - 3*q - 3. Give y(r).
3
Let w(a) be the second derivative of a**5/20 + 5*a**4/12 + a**3/2 - 3*a**2/2 + 10*a. Give w(-4).
1
Let i = 3 + 0. Suppose -6*q - i = -7*q. Let a(m) = -2*m**2 + 6*m**2 + 6*m - m**q + 1 + m**2. Give a(6).
1
Let k(h) = 2*h**2 + 2*h + 1. Let y(o) = o**3 - 5*o**2 - 12*o - 16. Let p be y(7). Give k(p).
5
Let l = -6 - -4. Let x(v) = -52*v**2 + 1 + 2 + 53*v**2 + 3*v. Calculate x(l).
1
Suppose -h - k = h - 11, 35 = 5*h + 5*k. Let n(d) = -d**3 + 5*d**2 - 4*d - 5. Give n(h).
-5
Let v(s) = s**2 - 5*s + 6. Let z = -2 + 5. Let d(u) = u**3 - 2*u**2 + 2*u + 1. Let t be d(2). Suppose -3*i - 13 = -t*o, -4*i = i - z*o - 5. Determine v(i).
2
Let j(h) be the first derivative of 4*h**2 - 3*h - 1. Suppose 0 = 8*r + 1 - 17. Calculate j(r).
13
Let l(m) = m**2 + 9*m - 1. Let v = -81 + 76. Give l(v).
-21
Let m(i) be the third derivative of i**6/120 + i**5/12 - i**3/6 + 29*i**2. Determine m(-4).
15
Suppose 18*k - 15*k = 6. Suppose 0*q = -3*q + 6. Let t(x) = -3*x**k + q*x**2 - 1 + 9. Give t(0).
8
Let q(v) = v**3 + 3*v**2 + 2*v. Let t = 93 + -96. Determine q(t).
-6
Let g(y) = 3 - 3 + 0*y + y**2 - y. Determine g(3).
6
Let m = 6 - 6. Suppose i = -m*i + 6. Let a(x) = -x**2 + 8*x - 9. Calculate a(i).
3
Let t(w) = w**2 + 13*w + 14. Suppose -3*j - 3*q + 2*q = 39, q = -2*j - 27. Let k be t(j). Let a(r) = 5*r - 3 + 3 - 3. Calculate a(k).
7
Let f(h) = -h**2 - 5*h - 3. Let c(l) = l**3 + 4*l**2 + 2*l - 1. Let w be c(-2). Let r(k) = 6*k + 1. Let d be r(1). Suppose w*m + 8 + d = 0. Calculate f(m).
-3
Let h(u) = -u**3 - 2*u**2 - u - 1. Let s(j) = -j + 1. Let m be s(4). Let k be 5/(-3) + 1/m. What is h(k)?
1
Let b(s) be the first derivative of 2*s**2 - 2*s + 2. Let f be b(2). Let i(z) = -f + 4*z + 0*z - 2*z. What is i(5)?
4
Let d(z) = -z - 3. Suppose 0 = 3*y + i + 9, -2*y + 2*i - 6 = -2*i. Calculate d(y).
0
Let y(j) = -j + 2. Suppose n = 3*n - 54. Suppose 3*h + t - 2 = 10, 4*h + 5*t - n = 0. Give y(h).
-1
Suppose 4 = q + 7, 0 = 4*m + q - 5. Let j(h) = 2*h + 1. Let g be j(m). Let b(d) be the first derivative of d**4/4 - 4*d**3/3 - 5*d**2/2 - 1. Give b(g).
0
Let n(j) = j - 2. Let w(h) be the second derivative of -2*h + 7/6*h**3 + 0 - 1/12*h**4 - 3*h**2. Let c be w(6). Calculate n(c).
-2
Suppose 18 = m + 5*w, 4*m + 3*w - 73 + 18 = 0. Let f(v) = -m + 13 + v**3. What is f(-1)?
-1
Let c(w) = 1 - 2*w - 3*w - 3*w. Suppose 0*k = 3*k. Suppose -5*t = s - 4, 2*s + k*t + 7 = 5*t. Give c(s).
9
Let v(d) be the third derivative of -d**6/120 + d**5/20 + d**4/24 + d**3/2 + 33*d**2. Let x be (-3)/(-18)*3*8. Determine v(x).
-9
Let y(h) = h**2 - 3*h. Suppose 3*w = 5*w. Suppose -x + 1 = 2*g + g, w = -3*x - g + 11. Determine y(x).
4
Let m(z) be the third derivative of -1/12*z**4 + 0 - 1/6*z**3 + 3*z**2 + 0*z. What is m(3)?
-7
Let z(c) = c - 1. Suppose -4*k - 2*m + 5 = k, 0 = k - 4*m + 21. Let r be 0/k - (-1 - -4). Calculate z(r).
-4
Suppose b - 6 = -3, -8 = 2*q - 4*b. Let y(p) = 2*p - p**q - 3*p**3 - 3 + 3*p**2 - p**3 + 4. Determine y(-1).
5
Let p(n) be the second derivative of 7*n**5/60 + n**4/24 - n**3/6 + 3*n**2 + 6*n. Let t(m) be the first derivative of p(m). Give t(1).
7
Let c be 6/(-21) - (-486)/(-63). Let t(r) = -r**3 - 7*r**2 + 8*r + 3. Give t(c).
3
Let q(u) = 3*u**2 - 2*u. Let w = 26 + -24. What is q(w)?
8
Suppose -23 = -4*p - h, -4*h + 2 = 2*p - p. Let a(b) = -4*b + 9. Calculate a(p).
-15
Let y(d) = 1 + 2*d**3 + 3 - 6*d - 3*d**3 + 6*d**2. Let h be y(5). Let i(b) = -59*b - 60*b + 113*b. Determine i(h).
6
Let w(y) = 0*y - 2*y**2 - 1 + y + 2*y**3 - 3*y**3 - 1. Let j be w(-3). Let h(f) = -3*f + 4. Give h(j).
-8
Let k(y) = 9*y**2 - 2*y - 1. Let w = 6 + -2. Let f be (w*6)/3 + 0. Let z = -9 + f. Determine k(z).
10
Let l(r) be the third derivative of r**6/60 - r**5/60 - r**2. Give l(-1).
-3
Let t(x) = 1 + 9 - x + 3 - 14. What is t(0)?
-1
Let o(n) = -n**2 + 5*n - 4. Let v(h) be the first derivative of h**4/4 + h**3 - h**2 - h + 2. Let m be v(-3). Determine o(m).
-4
Let i(l) = -l**3 + l**2. Let x(h) = -7*h**3 - h**2 - 6*h + 4. Let w(z) = 6*i(z) - x(z). Give w(-6).
-4
Suppose -m - 4*s - 15 = 0, -2*m - s - 9 = -0*s. Let i(g) = -6*g - 7. Let t(d) = -d. Let l(r) = m*t(r) + i(r). Determine l(-5).
8
Let w(l) = -l**2 - 4*l + 2. Let q be w(-5). Let m(t)